(-5)/(-100)).
23
Let n = 61 + -237. What is the remainder when 126 is divided by -2*(2 - -1)/(33/n)?
30
Let u = 44 + -79. Let i = 42 + u. Let a = 23 - i. Calculate the remainder when 45 is divided by a.
13
Suppose -3*y + 275 - 410 = 0. Calculate the remainder when 22*1*14/4 is divided by 1 + 3 + (y/3 - -37).
25
What is the remainder when 833 is divided by 113/(3277/(-5742))*2/(-4)?
41
Suppose -4*y - 4*j + 53 = -43, 5*j - 32 = -y. Suppose -15*f = 38 - 113. What is the remainder when y is divided by f?
2
Let a(r) = r**3 + 6*r**2 - 315*r + 2. Calculate the remainder when 680 is divided by a(-21).
0
Let c(q) = q**3 - 2*q**2 + 5*q - 1. Let i be c(3). Suppose 36 = 2*o + 3*k - i, k = 1. What is the remainder when 473 is divided by o?
25
Let n = 205 - 124. Suppose 3*c + 2*l - 90 = c, 2*c - n = l. What is the remainder when c is divided by ((-1056)/(-48))/(2 + 0)?
9
Let w = 110 - 40. Let k = -14 + 11. What is the remainder when w is divided by k/3 - -27 - 14/7?
22
Let o(t) = 33*t**2 + 2*t + 7. Suppose -4*d = -h + 7, 0 = -4*h - 3*d + 85 - 19. What is the remainder when o(3) is divided by h?
10
Suppose 4*h + 108 = 2*h + 256. Calculate the remainder when 376 is divided by h.
6
Suppose -22*z - 23*z + 15920 = -5*z. What is the remainder when 448 is divided by z?
50
Let k(l) = 11*l**2 + 22*l - 35. Let b be k(6). Suppose 0 = 509*g - b*g - 128. Suppose -2*j - 2*j = -84. What is the remainder when j is divided by g?
5
Let t(x) = 5*x**2 - x. Let c(g) be the third derivative of -7*g**4/8 + 7*g**3/6 + 25*g**2. Calculate the remainder when c(-3) is divided by t(2).
16
Suppose -3*a - 1430*f + 1426*f + 501 = 0, -4*a + 668 = f. Calculate the remainder when 9179 is divided by a.
161
Suppose -2*o = -10, 72*o - 12018 = -4*p + 70*o. Calculate the remainder when p is divided by 33.
32
Let g(t) = -16*t - 46. Let a be g(-3). Suppose 370 = a*f + 8*f. Calculate the remainder when f is divided by 10.
7
Let z = 2673 + -1833. Suppose 117*n + z = 125*n. Calculate the remainder when n is divided by 37.
31
Let f be (-3 - -3 - -2) + 2. Suppose 0 = 2*n - 6*n + 8, -f*n = 2*s - 34. Let o = s - 2. What is the remainder when o is divided by 3?
2
Let d(w) = 14*w**2 + 58*w + 4. Calculate the remainder when 81 is divided by d(-5).
17
Let p(j) = -540*j + 148. What is the remainder when p(-4) is divided by 55?
53
Let q = -40 + 38. Let y be (-4 + (-8)/q)*-1. Suppose 0 = h - y*g + 3*g - 1, -22 = -h + 4*g. What is the remainder when 37 is divided by h?
7
Suppose 6*k - 8*k = 3*f - 83, -3*f = 5*k - 77. What is the remainder when 178 is divided by f?
4
Suppose -2*h + 5*h = 99. Let q be (-26)/13 - (3 + (-420)/(-2)). Calculate the remainder when (q/(-20))/((-75)/(-36) - 2) is divided by h.
30
Let i(f) = -5*f - 26. Let x be i(-7). Let t be 4/(-18) + 2/x. Suppose 0 = -t*l - 5*l + 225. Calculate the remainder when l is divided by 12.
9
Let d = 42 + -25. Let h be d*-13*(-1)/(-1). Let u = h + 436. What is the remainder when u is divided by 12?
11
Let g(o) = 2 - 8 - o**2 + 4*o**2. Suppose -8 = -5*n + 7. What is the remainder when 45 is divided by g(n)?
3
Suppose 0 = 72*y - 146*y + 5180. What is the remainder when 147 is divided by y?
7
Let j = -3699 - -3727. What is the remainder when 56 is divided by j?
0
Let k = -77 - -82. Suppose 3*m - k*z - 78 = 0, -4*m + 168 = 5*z + 29. What is the remainder when -1 + 5/((-5)/(-3)) + m is divided by 9?
6
Suppose -4*y - 4*i = 36, 2*i = 2*y + 24 - 2. Let p(j) = j - 3. Let m be p(14). Let a = m - y. What is the remainder when 58 is divided by a?
16
Let c = 3663 - 2564. What is the remainder when c is divided by 50?
49
Let h(d) be the first derivative of -3*d**2 - 67*d + 30. Calculate the remainder when 158 is divided by h(-20).
52
Suppose -29*w - 4920 = -59*w. What is the remainder when w is divided by 55?
54
Suppose -4*c + 938 = -2*r - 318, 0 = -5*c - 4*r + 1557. Calculate the remainder when c is divided by 274.
39
Suppose -6*c + 4 = -10*c, 6*c - 39 = 5*f - 145. Calculate the remainder when 1418/18 + 2/9 is divided by f.
19
Suppose 5*i + 49 = 44, 93 = 2*s - 3*i. What is the remainder when s is divided by (-4)/6 - 370/(-15)?
21
Suppose -3*l - 304 = -2*d, -48*d + 52*d + 2*l = 560. What is the remainder when 244 is divided by d?
101
Suppose 16 + 14 = 2*d. Let f(y) = -44 + 52 - 25*y + y**2 + 42. What is the remainder when d is divided by f(23)?
3
Suppose 0 = -19*l + 8*l + 77. Suppose 37*f - 1342 = 26*f. Calculate the remainder when f is divided by l.
3
Suppose 43*v = 24*v + 24*v. Let g = 52 - 13. Suppose -3*x + 207 + g = v. Calculate the remainder when x is divided by 14.
12
Let h = -20518 - -20529. What is the remainder when 888 is divided by h?
8
Let n = -300 - -302. What is the remainder when 131 is divided by 102/(-6)*-2 + n?
23
Suppose -2396 = -16*i + 3780. Let o = i - 214. What is the remainder when o is divided by 6?
4
Let z be (-28 + 25)/(6/(-4)). Suppose 0 = x + 5, 3*x + 189 = z*t - 2*x. Calculate the remainder when t is divided by 6/(-15) + 294/10.
24
Let q(n) = -n**3 - n**2 + 14*n - 10. Calculate the remainder when 20 is divided by q(-5).
0
Suppose 0 = -24*g - 29*g + 52*g + 154. What is the remainder when 459 is divided by g?
151
Suppose -26 = -b + 42. Suppose -5*u - z + 5*z + b = 0, -5*z + 14 = 2*u. Calculate the remainder when 57 - 0 - u/6 is divided by 19.
17
Suppose 138*o + 43*o = 174 + 1817. Suppose 2*s + 488 = 7*s + 2*r, r - 391 = -4*s. What is the remainder when s is divided by o?
10
Let n(g) = g**3 - 7*g**2 - 7*g - 3. Suppose 4*f - f + 4*j = 16, -j = 4*f - 30. What is the remainder when n(f) is divided by (7 - 185/35) + (-2)/(-7)?
1
Let u = 21737 - 21719. What is the remainder when 1613 is divided by u?
11
Calculate the remainder when 294 - 2 - (-31 + 35) is divided by 56.
8
Suppose 3*t - 4763 - 43619 = c, 2*c = 4*t - 64510. Calculate the remainder when t is divided by 14.
13
Let q = 1057 - 1498. What is the remainder when 10/4*(1 + q/(-5)) is divided by 56?
55
Let b(m) = -m**3 + 15*m**2 - 11*m + 4. Let t(x) = -x**3 - 29*x**2 - 92*x - 276. What is the remainder when t(-26) is divided by b(14)?
42
Suppose 83 = -0*a - a. Let t = -58 - a. Calculate the remainder when t is divided by -7*(-9 - 432/(-56)).
7
Calculate the remainder when 178 is divided by (14/(-2) + 120/15)*57.
7
Suppose -4012*o + 3998*o + 3108 = 0. Calculate the remainder when o is divided by 89.
44
Let f(t) = -5*t - 1. Suppose 5*k - 11*k = 6. Suppose -2*p - 1 = 2*a - 13, 4*p + 57 = 5*a. What is the remainder when a is divided by f(k)?
1
Let n = 29 + -26. Suppose 0 = 2*f + 6*q - 7*q - 8, 5*f = -n*q + 31. Suppose 13*p - 896 = f*p. What is the remainder when p is divided by 38?
36
Let r = 79 - 64. Let s be 1555/25 + 12/r. Suppose 6*b = 27 + s. Calculate the remainder when 87 is divided by b.
12
Suppose 11*y = -53*y + 2944. What is the remainder when 389 is divided by y?
21
Suppose -3*p + t = -5 - 6, 2*p - t = 9. Suppose p*w - 2*z - 158 = 0, -3*z - z = w - 54. Calculate the remainder when w is divided by 20.
14
Suppose -3*a + 2*j = -18, 3*a - a - 25 = -3*j. Suppose 0 = -a*m + 29 + 147. Calculate the remainder when 37 is divided by m.
15
Calculate the remainder when 165 is divided by (-90)/(-20) - 30/(-4).
9
Let d(t) = t**2 - 5*t + 4. Let j be d(5). Suppose 43 = 4*v + j*x - 13, 3 = 3*x. Calculate the remainder when 96 is divided by v.
5
Let b(z) = z**3 + 15*z**2 + 15*z + 31. Suppose 104 - 384 = 20*w. Calculate the remainder when (8/(-6))/((-1)/36) is divided by b(w).
14
Suppose -2*i + 10 = 0, -2*t - 2*i = -5*t + 155. Let s be 1/2*(8 - -6). Suppose -s*n = -12*n + 70. Calculate the remainder when t is divided by n.
13
Suppose 3*g + 18*b - 1012 = -550, 5*g = -4*b + 588. Let z(s) = -s**2 + 6*s + 6. Calculate the remainder when g is divided by z(6).
4
Let n(h) = -43 + 26*h - 13*h - 22*h. What is the remainder when 141 is divided by n(-8)?
25
Suppose -4*k - 10 = -154. Suppose 66*w - 161*w + 10820 = -23190. Calculate the remainder when w is divided by k.
34
Let c = 4017 - 1844. Calculate the remainder when c is divided by 198.
193
Suppose 3*z - v = -4*v + 258, 0 = -11*z - v + 916. What is the remainder when 325 is divided by z?
76
Suppose -z - 4*v = -6 + 15, 3*v = -z - 4. What is the remainder when (31*-2)/(6/(-147)*(-30 - -37)) is divided by z?
8
Let l = 151 - 148. Suppose -l*m + 42 = 2*o, -6*m + m =